{"id":164,"date":"2018-11-30T13:45:12","date_gmt":"2018-11-30T12:45:12","guid":{"rendered":"http:\/\/www.onmangecamp.be\/saint-vincent\/?page_id=164"},"modified":"2019-01-28T12:15:58","modified_gmt":"2019-01-28T11:15:58","slug":"7e-commune","status":"publish","type":"page","link":"http:\/\/collegelafraternite.com\/saint-vincent\/page-d-exemple\/7e-commune\/","title":{"rendered":"7e commune"},"content":{"rendered":"\n<p class=\"has-drop-cap has-small-font-size\">Tu as envie de poursuivre tes \u00e9tudes mais tu ne sais pas quoi faire\u00a0? Tu as fini ton cycle qualifiant mais tu n\u2019as pas ton CESS\u00a0?\u00a0 Tu souhaites approfondir tes connaissances et avoir la possibilit\u00e9 d\u2019exp\u00e9rimenter divers m\u00e9tiers\u00a0? Alors la section \u00ab\u00a07<sup>e<\/sup> formation commune\u00a0\u00bb est faire pour toi.\u00a0 En effet, au cours de cette ann\u00e9e, tu auras l\u2019occasion d\u2019acqu\u00e9rir le CESS gr\u00e2ce aux cours de la formation communes et \u00e0 la r\u00e9alisation d\u2019un \u00ab\u00a0travail de fin d\u2019\u00e9tude\u00a0\u00bb mais tu auras aussi l\u2019occasion de travailler ton projet personnel afin de mieux orienter ton avenir.<\/p>\n\n\n<h1><span style=\"font-size: 14pt;\">Grille Horaire<\/span><\/h1>\n<table  class=\" table table-hover\" width=\"232\">\n<tbody>\n<tr>\n<td colspan=\"2\" width=\"232\">\n<p style=\"text-align: center;\"><strong>7<sup>e<\/sup> commune<\/strong><\/p>\n<\/td>\n<\/tr>\n<tr>\n<td width=\"197\">Fran\u00e7ais<\/td>\n<td style=\"text-align: right;\" width=\"35\">4h<\/td>\n<\/tr>\n<tr>\n<td width=\"197\">Fran\u00e7ais communication<\/td>\n<td style=\"text-align: right;\" width=\"35\">2h<\/td>\n<\/tr>\n<tr>\n<td width=\"197\">Math\u00e9matiques<\/td>\n<td style=\"text-align: right;\" width=\"35\">4h<\/td>\n<\/tr>\n<tr>\n<td width=\"197\">Religion<\/td>\n<td style=\"text-align: right;\" width=\"35\">2h<\/td>\n<\/tr>\n<tr>\n<td width=\"197\">\u00c9ducation physique<\/td>\n<td style=\"text-align: right;\" width=\"35\">2h<\/td>\n<\/tr>\n<tr>\n<td width=\"197\">N\u00e9erlandais<\/td>\n<td style=\"text-align: right;\" width=\"35\">2h<\/td>\n<\/tr>\n<tr>\n<td width=\"197\">Sciences humaines<\/td>\n<td style=\"text-align: right;\" width=\"35\">4h<\/td>\n<\/tr>\n<tr>\n<td width=\"197\">Formation scientifique<\/td>\n<td style=\"text-align: right;\" width=\"35\">2h<\/td>\n<\/tr>\n<tr>\n<td width=\"197\">Activit\u00e9s de synth\u00e8se<\/td>\n<td style=\"text-align: right;\" width=\"35\">3h<\/td>\n<\/tr>\n<tr>\n<td width=\"197\">Gestion du projet personnel<\/td>\n<td style=\"text-align: right;\" width=\"35\">6h<\/td>\n<\/tr>\n<tr>\n<td width=\"197\">Gestion collective de projets pluridisciplinaires<\/td>\n<td style=\"text-align: right;\" width=\"35\">1h<\/td>\n<\/tr>\n<tr>\n<td width=\"197\">Rem\u00e9diation\/d\u00e9passement\/citoyennet\u00e9<\/td>\n<td style=\"text-align: right;\" width=\"35\">1h<\/td>\n<\/tr>\n<tr>\n<td style=\"text-align: right;\" width=\"197\"><strong>Total<\/strong><\/td>\n<td style=\"text-align: right;\" width=\"35\"><strong>33h<\/strong><\/td>\n<\/tr>\n<\/tbody>\n<\/table>","protected":false},"excerpt":{"rendered":"<p>Tu as envie de poursuivre tes \u00e9tudes mais tu ne sais pas quoi faire\u00a0? Tu as fini ton cycle qualifiant mais tu n\u2019as pas ton CESS\u00a0?\u00a0 Tu souhaites approfondir tes connaissances et avoir la possibilit\u00e9 d\u2019exp\u00e9rimenter divers m\u00e9tiers\u00a0? Alors la section \u00ab\u00a07e formation commune\u00a0\u00bb est faire pour toi.\u00a0 En effet, au cours de cette ann\u00e9e, [&hellip;]<\/p>\n","protected":false},"author":1,"featured_media":0,"parent":745,"menu_order":0,"comment_status":"closed","ping_status":"closed","template":"page-fullwidth.php","meta":{"ngg_post_thumbnail":0},"_links":{"self":[{"href":"http:\/\/collegelafraternite.com\/saint-vincent\/wp-json\/wp\/v2\/pages\/164"}],"collection":[{"href":"http:\/\/collegelafraternite.com\/saint-vincent\/wp-json\/wp\/v2\/pages"}],"about":[{"href":"http:\/\/collegelafraternite.com\/saint-vincent\/wp-json\/wp\/v2\/types\/page"}],"author":[{"embeddable":true,"href":"http:\/\/collegelafraternite.com\/saint-vincent\/wp-json\/wp\/v2\/users\/1"}],"replies":[{"embeddable":true,"href":"http:\/\/collegelafraternite.com\/saint-vincent\/wp-json\/wp\/v2\/comments?post=164"}],"version-history":[{"count":1,"href":"http:\/\/collegelafraternite.com\/saint-vincent\/wp-json\/wp\/v2\/pages\/164\/revisions"}],"predecessor-version":[{"id":893,"href":"http:\/\/collegelafraternite.com\/saint-vincent\/wp-json\/wp\/v2\/pages\/164\/revisions\/893"}],"up":[{"embeddable":true,"href":"http:\/\/collegelafraternite.com\/saint-vincent\/wp-json\/wp\/v2\/pages\/745"}],"wp:attachment":[{"href":"http:\/\/collegelafraternite.com\/saint-vincent\/wp-json\/wp\/v2\/media?parent=164"}],"curies":[{"name":"wp","href":"https:\/\/api.w.org\/{rel}","templated":true}]}}

<p class="has-drop-cap has-small-font-size">Tu as envie de poursuivre tes études mais tu ne sais pas quoi faire ? Tu as fini ton cycle qualifiant mais tu n’as pas ton CESS ?  Tu souhaites approfondir tes connaissances et avoir la possibilité d’expérimenter divers métiers ? Alors la section « 7<sup>e</sup> formation commune » est faire pour toi.  En effet, au cours de cette année, tu auras l’occasion d’acquérir le CESS grâce aux cours de la formation communes et à la réalisation d’un « travail de fin d’étude » mais tu auras aussi l’occasion de travailler ton projet personnel afin de mieux orienter ton avenir.</p>


<h1><span style="font-size: 14pt;">Grille Horaire</span></h1>
<table  class=" table table-hover" width="232">
<tbody>
<tr>
<td colspan="2" width="232">
<p style="text-align: center;"><strong>7<sup>e</sup> commune</strong></p>
</td>
</tr>
<tr>
<td width="197">Français</td>
<td style="text-align: right;" width="35">4h</td>
</tr>
<tr>
<td width="197">Français communication</td>
<td style="text-align: right;" width="35">2h</td>
</tr>
<tr>
<td width="197">Mathématiques</td>
<td style="text-align: right;" width="35">4h</td>
</tr>
<tr>
<td width="197">Religion</td>
<td style="text-align: right;" width="35">2h</td>
</tr>
<tr>
<td width="197">Éducation physique</td>
<td style="text-align: right;" width="35">2h</td>
</tr>
<tr>
<td width="197">Néerlandais</td>
<td style="text-align: right;" width="35">2h</td>
</tr>
<tr>
<td width="197">Sciences humaines</td>
<td style="text-align: right;" width="35">4h</td>
</tr>
<tr>
<td width="197">Formation scientifique</td>
<td style="text-align: right;" width="35">2h</td>
</tr>
<tr>
<td width="197">Activités de synthèse</td>
<td style="text-align: right;" width="35">3h</td>
</tr>
<tr>
<td width="197">Gestion du projet personnel</td>
<td style="text-align: right;" width="35">6h</td>
</tr>
<tr>
<td width="197">Gestion collective de projets pluridisciplinaires</td>
<td style="text-align: right;" width="35">1h</td>
</tr>
<tr>
<td width="197">Remédiation/dépassement/citoyenneté</td>
<td style="text-align: right;" width="35">1h</td>
</tr>
<tr>
<td style="text-align: right;" width="197"><strong>Total</strong></td>
<td style="text-align: right;" width="35"><strong>33h</strong></td>
</tr>
</tbody>
</table>

<p>Tu as envie de poursuivre tes études mais tu ne sais pas quoi faire ? Tu as fini ton cycle qualifiant mais tu n’as pas ton CESS ?  Tu souhaites approfondir tes connaissances et avoir la possibilité d’expérimenter divers métiers ? Alors la section « 7e formation commune » est faire pour toi.  En effet, au cours de cette année, [&hellip;]</p>
