{"id":845,"date":"2019-01-28T11:49:11","date_gmt":"2019-01-28T10:49:11","guid":{"rendered":"http:\/\/collegelafraternite.com\/saint-vincent\/?page_id=845"},"modified":"2025-12-02T17:18:40","modified_gmt":"2025-12-02T16:18:40","slug":"ecole","status":"publish","type":"page","link":"http:\/\/collegelafraternite.com\/saint-vincent\/ecole\/","title":{"rendered":"Ecole"},"content":{"rendered":"\n<h4><a href=\"http:\/\/collegelafraternite.com\/saint-vincent\/projets-educatif-et-pedagogique\/\">Projet d&rsquo;\u00e9tablissement<\/a><\/h4>\n\n\n\n<h4><a href=\"http:\/\/collegelafraternite.com\/saint-vincent\/projets-educatif-et-pedagogique\/\">Projets \u00e9ducatif et p\u00e9dagogique<\/a><\/h4>\n","protected":false},"excerpt":{"rendered":"<p>Projet d&rsquo;\u00e9tablissement Projets \u00e9ducatif et p\u00e9dagogique<\/p>\n","protected":false},"author":1,"featured_media":0,"parent":0,"menu_order":0,"comment_status":"closed","ping_status":"closed","template":"page-fullwidth.php","meta":{"ngg_post_thumbnail":0},"_links":{"self":[{"href":"http:\/\/collegelafraternite.com\/saint-vincent\/wp-json\/wp\/v2\/pages\/845"}],"collection":[{"href":"http:\/\/collegelafraternite.com\/saint-vincent\/wp-json\/wp\/v2\/pages"}],"about":[{"href":"http:\/\/collegelafraternite.com\/saint-vincent\/wp-json\/wp\/v2\/types\/page"}],"author":[{"embeddable":true,"href":"http:\/\/collegelafraternite.com\/saint-vincent\/wp-json\/wp\/v2\/users\/1"}],"replies":[{"embeddable":true,"href":"http:\/\/collegelafraternite.com\/saint-vincent\/wp-json\/wp\/v2\/comments?post=845"}],"version-history":[{"count":4,"href":"http:\/\/collegelafraternite.com\/saint-vincent\/wp-json\/wp\/v2\/pages\/845\/revisions"}],"predecessor-version":[{"id":1322,"href":"http:\/\/collegelafraternite.com\/saint-vincent\/wp-json\/wp\/v2\/pages\/845\/revisions\/1322"}],"wp:attachment":[{"href":"http:\/\/collegelafraternite.com\/saint-vincent\/wp-json\/wp\/v2\/media?parent=845"}],"curies":[{"name":"wp","href":"https:\/\/api.w.org\/{rel}","templated":true}]}}